{"id":908,"date":"2025-12-10T14:34:25","date_gmt":"2025-12-10T14:34:25","guid":{"rendered":"https:\/\/www.siriussensor.com.tr\/index.php\/product\/danfoss-084z8008-mbt-5250-150mm-g1-2-marin-onayli-sicaklik-sensoru\/"},"modified":"2025-12-11T07:29:14","modified_gmt":"2025-12-11T07:29:14","slug":"danfoss-084z8008-mbt-5250-150mm-g1-2-marin-onayli-sicaklik-sensoru","status":"publish","type":"product","link":"http:\/\/www.siriussensor.com.tr\/index.php\/product\/danfoss-084z8008-mbt-5250-150mm-g1-2-marin-onayli-sicaklik-sensoru\/","title":{"rendered":"Danfoss 084Z8008 MBT 5250 150MM G1\/2 MAR\u0130N ONAYLI SICAKLIK SENS\u00d6R\u00dc"},"content":{"rendered":"<p>MBT 5250 modeli end\u00fcstriyel ve marin uygulamalarda kullan\u0131lan s\u0131cakl\u0131k sens\u00f6r\u00fc\/transmiteridir.<br \/>\nY\u00fcksek dayan\u0131m ve uzun \u00f6m\u00fcrl\u00fc kullan\u0131m i\u00e7in tasarlanm\u0131\u015ft\u0131r.<br \/>\n4-20mA \u00e7\u0131k\u0131\u015fl\u0131 modeller proses kontrol sistemlerinde y\u00fcksek do\u011fruluk sa\u011flar.<br \/>\nGemi, makine dairesi, boru hatt\u0131 ve a\u011f\u0131r sanayi s\u0131cakl\u0131k \u00f6l\u00e7\u00fcmlerinde yayg\u0131n olarak kullan\u0131l\u0131r.<br \/>\nSirius Sensor stok \/ \u00fcr\u00fcn kodu: 084Z8008.<\/p>\n","protected":false},"excerpt":{"rendered":"<p>MBT 5250 modeli end\u00fcstriyel ve marin uygulamalarda kullan\u0131lan s\u0131cakl\u0131k sens\u00f6r\u00fc\/transmiteridir. Y\u00fcksek dayan\u0131m ve uzun \u00f6m\u00fcrl\u00fc kullan\u0131m i\u00e7in tasarlanm\u0131\u015ft\u0131r. 4-20mA \u00e7\u0131k\u0131\u015fl\u0131 modeller proses kontrol sistemlerinde y\u00fcksek do\u011fruluk sa\u011flar. Gemi, makine dairesi, boru hatt\u0131 ve a\u011f\u0131r sanayi s\u0131cakl\u0131k \u00f6l\u00e7\u00fcmlerinde yayg\u0131n olarak kullan\u0131l\u0131r. Sirius Sensor stok \/ \u00fcr\u00fcn kodu: 084Z8008.<\/p>\n","protected":false},"featured_media":0,"comment_status":"open","ping_status":"closed","template":"","meta":{"site-sidebar-layout":"default","site-content-layout":"","ast-site-content-layout":"default","site-content-style":"default","site-sidebar-style":"default","ast-global-header-display":"","ast-banner-title-visibility":"","ast-main-header-display":"","ast-hfb-above-header-display":"","ast-hfb-below-header-display":"","ast-hfb-mobile-header-display":"","site-post-title":"","ast-breadcrumbs-content":"","ast-featured-img":"","footer-sml-layout":"","ast-disable-related-posts":"","theme-transparent-header-meta":"","adv-header-id-meta":"","stick-header-meta":"","header-above-stick-meta":"","header-main-stick-meta":"","header-below-stick-meta":"","astra-migrate-meta-layouts":"default","ast-page-background-enabled":"default","ast-page-background-meta":{"desktop":{"background-color":"var(--ast-global-color-5)","background-image":"","background-repeat":"repeat","background-position":"center center","background-size":"auto","background-attachment":"scroll","background-type":"","background-media":"","overlay-type":"","overlay-color":"","overlay-opacity":"","overlay-gradient":""},"tablet":{"background-color":"","background-image":"","background-repeat":"repeat","background-position":"center center","background-size":"auto","background-attachment":"scroll","background-type":"","background-media":"","overlay-type":"","overlay-color":"","overlay-opacity":"","overlay-gradient":""},"mobile":{"background-color":"","background-image":"","background-repeat":"repeat","background-position":"center center","background-size":"auto","background-attachment":"scroll","background-type":"","background-media":"","overlay-type":"","overlay-color":"","overlay-opacity":"","overlay-gradient":""}},"ast-content-background-meta":{"desktop":{"background-color":"var(--ast-global-color-4)","background-image":"","background-repeat":"repeat","background-position":"center center","background-size":"auto","background-attachment":"scroll","background-type":"","background-media":"","overlay-type":"","overlay-color":"","overlay-opacity":"","overlay-gradient":""},"tablet":{"background-color":"var(--ast-global-color-4)","background-image":"","background-repeat":"repeat","background-position":"center center","background-size":"auto","background-attachment":"scroll","background-type":"","background-media":"","overlay-type":"","overlay-color":"","overlay-opacity":"","overlay-gradient":""},"mobile":{"background-color":"var(--ast-global-color-4)","background-image":"","background-repeat":"repeat","background-position":"center center","background-size":"auto","background-attachment":"scroll","background-type":"","background-media":"","overlay-type":"","overlay-color":"","overlay-opacity":"","overlay-gradient":""}}},"product_brand":[18],"product_cat":[22],"product_tag":[],"class_list":{"0":"post-908","1":"product","2":"type-product","3":"status-publish","5":"product_brand-danfoss","6":"product_cat-sicaklik","7":"desktop-align-left","8":"tablet-align-left","9":"mobile-align-left","11":"first","12":"instock","13":"taxable","14":"shipping-taxable","15":"purchasable","16":"product-type-simple"},"yoast_head":"<!-- This site is optimized with the Yoast SEO plugin v27.6 - https:\/\/yoast.com\/product\/yoast-seo-wordpress\/ -->\n<title>Danfoss 084Z8008 MBT 5250 150MM G1\/2 MAR\u0130N ONAYLI SICAKLIK SENS\u00d6R\u00dc - Her ad\u0131mda y&uuml;ksek teknoloji<\/title>\n<meta name=\"robots\" content=\"index, follow, max-snippet:-1, max-image-preview:large, max-video-preview:-1\" \/>\n<link rel=\"canonical\" href=\"http:\/\/www.siriussensor.com.tr\/index.php\/product\/danfoss-084z8008-mbt-5250-150mm-g1-2-marin-onayli-sicaklik-sensoru\/\" \/>\n<meta property=\"og:locale\" content=\"tr_TR\" \/>\n<meta property=\"og:type\" content=\"article\" \/>\n<meta property=\"og:title\" content=\"Danfoss 084Z8008 MBT 5250 150MM G1\/2 MAR\u0130N ONAYLI SICAKLIK SENS\u00d6R\u00dc - Her ad\u0131mda y&uuml;ksek teknoloji\" \/>\n<meta property=\"og:description\" content=\"MBT 5250 modeli end\u00fcstriyel ve marin uygulamalarda kullan\u0131lan s\u0131cakl\u0131k sens\u00f6r\u00fc\/transmiteridir. Y\u00fcksek dayan\u0131m ve uzun \u00f6m\u00fcrl\u00fc kullan\u0131m i\u00e7in tasarlanm\u0131\u015ft\u0131r. 4-20mA \u00e7\u0131k\u0131\u015fl\u0131 modeller proses kontrol sistemlerinde y\u00fcksek do\u011fruluk sa\u011flar. Gemi, makine dairesi, boru hatt\u0131 ve a\u011f\u0131r sanayi s\u0131cakl\u0131k \u00f6l\u00e7\u00fcmlerinde yayg\u0131n olarak kullan\u0131l\u0131r. Sirius Sensor stok \/ \u00fcr\u00fcn kodu: 084Z8008.\" \/>\n<meta property=\"og:url\" content=\"http:\/\/www.siriussensor.com.tr\/index.php\/product\/danfoss-084z8008-mbt-5250-150mm-g1-2-marin-onayli-sicaklik-sensoru\/\" \/>\n<meta property=\"og:site_name\" content=\"Her ad\u0131mda y&uuml;ksek teknoloji\" \/>\n<meta property=\"article:modified_time\" content=\"2025-12-11T07:29:14+00:00\" \/>\n<meta name=\"twitter:card\" content=\"summary_large_image\" \/>\n<script type=\"application\/ld+json\" class=\"yoast-schema-graph\">{\"@context\":\"https:\\\/\\\/schema.org\",\"@graph\":[{\"@type\":\"WebPage\",\"@id\":\"http:\\\/\\\/www.siriussensor.com.tr\\\/index.php\\\/product\\\/danfoss-084z8008-mbt-5250-150mm-g1-2-marin-onayli-sicaklik-sensoru\\\/\",\"url\":\"http:\\\/\\\/www.siriussensor.com.tr\\\/index.php\\\/product\\\/danfoss-084z8008-mbt-5250-150mm-g1-2-marin-onayli-sicaklik-sensoru\\\/\",\"name\":\"Danfoss 084Z8008 MBT 5250 150MM G1\\\/2 MAR\u0130N ONAYLI SICAKLIK SENS\u00d6R\u00dc - Her ad\u0131mda y&uuml;ksek teknoloji\",\"isPartOf\":{\"@id\":\"https:\\\/\\\/www.siriussensor.com.tr\\\/#website\"},\"datePublished\":\"2025-12-10T14:34:25+00:00\",\"dateModified\":\"2025-12-11T07:29:14+00:00\",\"breadcrumb\":{\"@id\":\"http:\\\/\\\/www.siriussensor.com.tr\\\/index.php\\\/product\\\/danfoss-084z8008-mbt-5250-150mm-g1-2-marin-onayli-sicaklik-sensoru\\\/#breadcrumb\"},\"inLanguage\":\"tr\",\"potentialAction\":[{\"@type\":\"ReadAction\",\"target\":[\"http:\\\/\\\/www.siriussensor.com.tr\\\/index.php\\\/product\\\/danfoss-084z8008-mbt-5250-150mm-g1-2-marin-onayli-sicaklik-sensoru\\\/\"]}]},{\"@type\":\"BreadcrumbList\",\"@id\":\"http:\\\/\\\/www.siriussensor.com.tr\\\/index.php\\\/product\\\/danfoss-084z8008-mbt-5250-150mm-g1-2-marin-onayli-sicaklik-sensoru\\\/#breadcrumb\",\"itemListElement\":[{\"@type\":\"ListItem\",\"position\":1,\"name\":\"Home\",\"item\":\"https:\\\/\\\/www.siriussensor.com.tr\\\/\"},{\"@type\":\"ListItem\",\"position\":2,\"name\":\"Ma\u011faza\",\"item\":\"https:\\\/\\\/www.siriussensor.com.tr\\\/index.php\\\/shop\\\/\"},{\"@type\":\"ListItem\",\"position\":3,\"name\":\"Danfoss 084Z8008 MBT 5250 150MM G1\\\/2 MAR\u0130N ONAYLI SICAKLIK SENS\u00d6R\u00dc\"}]},{\"@type\":\"WebSite\",\"@id\":\"https:\\\/\\\/www.siriussensor.com.tr\\\/#website\",\"url\":\"https:\\\/\\\/www.siriussensor.com.tr\\\/\",\"name\":\"Sirius Sensor\",\"description\":\"Her ad\u0131mda y&uuml;ksek teknoloji\",\"publisher\":{\"@id\":\"https:\\\/\\\/www.siriussensor.com.tr\\\/#organization\"},\"potentialAction\":[{\"@type\":\"SearchAction\",\"target\":{\"@type\":\"EntryPoint\",\"urlTemplate\":\"https:\\\/\\\/www.siriussensor.com.tr\\\/?s={search_term_string}\"},\"query-input\":{\"@type\":\"PropertyValueSpecification\",\"valueRequired\":true,\"valueName\":\"search_term_string\"}}],\"inLanguage\":\"tr\"},{\"@type\":\"Organization\",\"@id\":\"https:\\\/\\\/www.siriussensor.com.tr\\\/#organization\",\"name\":\"Sirius Sensor\",\"url\":\"https:\\\/\\\/www.siriussensor.com.tr\\\/\",\"logo\":{\"@type\":\"ImageObject\",\"inLanguage\":\"tr\",\"@id\":\"https:\\\/\\\/www.siriussensor.com.tr\\\/#\\\/schema\\\/logo\\\/image\\\/\",\"url\":\"http:\\\/\\\/www.siriussensor.com.tr\\\/wp-content\\\/uploads\\\/2025\\\/10\\\/cropped-Sirius_Son_Logo-scaled-1.png\",\"contentUrl\":\"http:\\\/\\\/www.siriussensor.com.tr\\\/wp-content\\\/uploads\\\/2025\\\/10\\\/cropped-Sirius_Son_Logo-scaled-1.png\",\"width\":2558,\"height\":1810,\"caption\":\"Sirius Sensor\"},\"image\":{\"@id\":\"https:\\\/\\\/www.siriussensor.com.tr\\\/#\\\/schema\\\/logo\\\/image\\\/\"}}]}<\/script>\n<!-- \/ Yoast SEO plugin. -->","yoast_head_json":{"title":"Danfoss 084Z8008 MBT 5250 150MM G1\/2 MAR\u0130N ONAYLI SICAKLIK SENS\u00d6R\u00dc - Her ad\u0131mda y&uuml;ksek teknoloji","robots":{"index":"index","follow":"follow","max-snippet":"max-snippet:-1","max-image-preview":"max-image-preview:large","max-video-preview":"max-video-preview:-1"},"canonical":"http:\/\/www.siriussensor.com.tr\/index.php\/product\/danfoss-084z8008-mbt-5250-150mm-g1-2-marin-onayli-sicaklik-sensoru\/","og_locale":"tr_TR","og_type":"article","og_title":"Danfoss 084Z8008 MBT 5250 150MM G1\/2 MAR\u0130N ONAYLI SICAKLIK SENS\u00d6R\u00dc - Her ad\u0131mda y&uuml;ksek teknoloji","og_description":"MBT 5250 modeli end\u00fcstriyel ve marin uygulamalarda kullan\u0131lan s\u0131cakl\u0131k sens\u00f6r\u00fc\/transmiteridir. Y\u00fcksek dayan\u0131m ve uzun \u00f6m\u00fcrl\u00fc kullan\u0131m i\u00e7in tasarlanm\u0131\u015ft\u0131r. 4-20mA \u00e7\u0131k\u0131\u015fl\u0131 modeller proses kontrol sistemlerinde y\u00fcksek do\u011fruluk sa\u011flar. Gemi, makine dairesi, boru hatt\u0131 ve a\u011f\u0131r sanayi s\u0131cakl\u0131k \u00f6l\u00e7\u00fcmlerinde yayg\u0131n olarak kullan\u0131l\u0131r. Sirius Sensor stok \/ \u00fcr\u00fcn kodu: 084Z8008.","og_url":"http:\/\/www.siriussensor.com.tr\/index.php\/product\/danfoss-084z8008-mbt-5250-150mm-g1-2-marin-onayli-sicaklik-sensoru\/","og_site_name":"Her ad\u0131mda y&uuml;ksek teknoloji","article_modified_time":"2025-12-11T07:29:14+00:00","twitter_card":"summary_large_image","schema":{"@context":"https:\/\/schema.org","@graph":[{"@type":"WebPage","@id":"http:\/\/www.siriussensor.com.tr\/index.php\/product\/danfoss-084z8008-mbt-5250-150mm-g1-2-marin-onayli-sicaklik-sensoru\/","url":"http:\/\/www.siriussensor.com.tr\/index.php\/product\/danfoss-084z8008-mbt-5250-150mm-g1-2-marin-onayli-sicaklik-sensoru\/","name":"Danfoss 084Z8008 MBT 5250 150MM G1\/2 MAR\u0130N ONAYLI SICAKLIK SENS\u00d6R\u00dc - Her ad\u0131mda y&uuml;ksek teknoloji","isPartOf":{"@id":"https:\/\/www.siriussensor.com.tr\/#website"},"datePublished":"2025-12-10T14:34:25+00:00","dateModified":"2025-12-11T07:29:14+00:00","breadcrumb":{"@id":"http:\/\/www.siriussensor.com.tr\/index.php\/product\/danfoss-084z8008-mbt-5250-150mm-g1-2-marin-onayli-sicaklik-sensoru\/#breadcrumb"},"inLanguage":"tr","potentialAction":[{"@type":"ReadAction","target":["http:\/\/www.siriussensor.com.tr\/index.php\/product\/danfoss-084z8008-mbt-5250-150mm-g1-2-marin-onayli-sicaklik-sensoru\/"]}]},{"@type":"BreadcrumbList","@id":"http:\/\/www.siriussensor.com.tr\/index.php\/product\/danfoss-084z8008-mbt-5250-150mm-g1-2-marin-onayli-sicaklik-sensoru\/#breadcrumb","itemListElement":[{"@type":"ListItem","position":1,"name":"Home","item":"https:\/\/www.siriussensor.com.tr\/"},{"@type":"ListItem","position":2,"name":"Ma\u011faza","item":"https:\/\/www.siriussensor.com.tr\/index.php\/shop\/"},{"@type":"ListItem","position":3,"name":"Danfoss 084Z8008 MBT 5250 150MM G1\/2 MAR\u0130N ONAYLI SICAKLIK SENS\u00d6R\u00dc"}]},{"@type":"WebSite","@id":"https:\/\/www.siriussensor.com.tr\/#website","url":"https:\/\/www.siriussensor.com.tr\/","name":"Sirius Sensor","description":"Her ad\u0131mda y&uuml;ksek teknoloji","publisher":{"@id":"https:\/\/www.siriussensor.com.tr\/#organization"},"potentialAction":[{"@type":"SearchAction","target":{"@type":"EntryPoint","urlTemplate":"https:\/\/www.siriussensor.com.tr\/?s={search_term_string}"},"query-input":{"@type":"PropertyValueSpecification","valueRequired":true,"valueName":"search_term_string"}}],"inLanguage":"tr"},{"@type":"Organization","@id":"https:\/\/www.siriussensor.com.tr\/#organization","name":"Sirius Sensor","url":"https:\/\/www.siriussensor.com.tr\/","logo":{"@type":"ImageObject","inLanguage":"tr","@id":"https:\/\/www.siriussensor.com.tr\/#\/schema\/logo\/image\/","url":"http:\/\/www.siriussensor.com.tr\/wp-content\/uploads\/2025\/10\/cropped-Sirius_Son_Logo-scaled-1.png","contentUrl":"http:\/\/www.siriussensor.com.tr\/wp-content\/uploads\/2025\/10\/cropped-Sirius_Son_Logo-scaled-1.png","width":2558,"height":1810,"caption":"Sirius Sensor"},"image":{"@id":"https:\/\/www.siriussensor.com.tr\/#\/schema\/logo\/image\/"}}]}},"jetpack_sharing_enabled":true,"_links":{"self":[{"href":"http:\/\/www.siriussensor.com.tr\/index.php\/wp-json\/wp\/v2\/product\/908","targetHints":{"allow":["GET"]}}],"collection":[{"href":"http:\/\/www.siriussensor.com.tr\/index.php\/wp-json\/wp\/v2\/product"}],"about":[{"href":"http:\/\/www.siriussensor.com.tr\/index.php\/wp-json\/wp\/v2\/types\/product"}],"replies":[{"embeddable":true,"href":"http:\/\/www.siriussensor.com.tr\/index.php\/wp-json\/wp\/v2\/comments?post=908"}],"wp:attachment":[{"href":"http:\/\/www.siriussensor.com.tr\/index.php\/wp-json\/wp\/v2\/media?parent=908"}],"wp:term":[{"taxonomy":"product_brand","embeddable":true,"href":"http:\/\/www.siriussensor.com.tr\/index.php\/wp-json\/wp\/v2\/product_brand?post=908"},{"taxonomy":"product_cat","embeddable":true,"href":"http:\/\/www.siriussensor.com.tr\/index.php\/wp-json\/wp\/v2\/product_cat?post=908"},{"taxonomy":"product_tag","embeddable":true,"href":"http:\/\/www.siriussensor.com.tr\/index.php\/wp-json\/wp\/v2\/product_tag?post=908"}],"curies":[{"name":"wp","href":"https:\/\/api.w.org\/{rel}","templated":true}]}}